
28
Calculate -10 - 92 - (8 + (22 - 1 - (157 - 142))).
-116
34 - (156 + (3 - (57 - 30)))
-98
What is the value of 9420 + -9358 - (45 + 1)?
16
Evaluate 160 + -2 + (88 - 206).
40
-29 - (-49 - -9) - (-33 - -18)
26
What is the value of 3 + -6 + -12 + (-24 + 57 - 12)?
6
-49 + 46 + -3 + (20 - 1) - 81
-68
What is the value of 16 + (1 + 18 - 62 - 2)?
-29
Calculate 3 - (56 - (40 - 4)).
-17
What is 79 - 32 - 1 - 55?
-9
Evaluate (-135 - -2) + -25 + 54 - -30.
-74
What is -15 + (-5 - (-9 - -1 - -8)) + (-5 - -33)?
8
370 + -433 + (18 - 0) + -3
-48
(2 - -60 - (-119 + 145)) + -18
18
Calculate 3 + -9 + 18 + -30 + (8 - 0) - 8.
-18
What is 178 + -125 + 53 + -17?
89
What is 15 - ((4 + 13 - 1) + 45)?
-46
Calculate -3754 + 3753 + -1 + 25.
23
32 + -27 - -4 - ((2 - 39) + 4 + -6)
48
(118 - 54) + -54 - (12 - -13)
-15
Evaluate (1 + -42 + 1 - -4) + -21 + 9.
-48
(-38 - (-1 - 17)) + (20 - 64)
-64
What is the value of -82 + (-9 + -31 - -47)?
-75
What is the value of (37 - 23) + 24 + -32 + -19 + -1?
-14
What is 52 + -98 - 66 - (-5 - -13)?
-120
Evaluate 35 - ((-8 - (-2 - -1)) + -29 + 26).
45
What is 25 + (-71 - -30 - -44)?
28
Calculate (-23 + 1 - (100 + -107)) + 82 + 7.
74
Calculate -15 + 9 + -5 - (5 - (21 + -7)).
-2
(-85 - 42) + 69 - 4
-62
Calculate 25 + (36 - 113) + 51.
-1
-3 + -2 + -13 + 8 + (-11 - -1) + -37
-57
What is the value of -41 - (-99 + 75 - 50)?
33
What is the value of 8 + 9 + (-6 + -7 + -80 - 0)?
-76
What is the value of 23 - (37 - (16 + 3 - 6))?
-1
-58 - (-136 + 82) - (-53 + 0 + 3 + -5)
51
36 - (20 + 40 + -46)
22
What is the value of 0 + -1 + (9 - -7) - (47 - 14)?
-18
What is (-84 - (111 + -174)) + (-122 - -1) + 0 + 14?
-128
Evaluate 7 + 140 - (361 + -330).
116
Calculate 13 - (47 - (-5 - (12 + -14))) - -1.
-36
What is 3 - (6 - (0 + 0) - (-43 + (22 - 9)))?
-33
What is (0 + -2 - -5) + -1 - (33 - 17)?
-14
(83 - -6) + -1 + -1368 + 1379
99
What is the value of (-9 - (-38 - (4 + 7))) + 42?
82
(38 - 97) + 49 + (75 - 4)
61
Evaluate (-6 + 1 - -4 - -15) + 68 + -58.
24
Evaluate -3 + (4 - 1) + (36 - 68 - -16 - -14).
-2
-1 + 54 - (-60 - 5 - -101)
17
Evaluate 157 + -93 - (46 + 4).
14
12 - (14 - 6) - (3 + -2 - (-2 + -31))
-30
Calculate 23 + (13 - -6) + -9 + -5.
28
-74 + 91 - (66 + 6 + -15)
-40
0 + -3 + 6 + (-52 + 76 - 100)
-73
Evaluate -12 + -22 + 22 + -7.
-19
What is (1 - -1 - (18 - (7 + 3))) + -1 + 7?
0
What is the value of -6 + (2 + -4 - -19) - (4 + -17)?
24
Calculate -25 + -50 + 78 - (-1 + 1).
3
-1294 + 1258 - (-1 + -97)
62
Calculate -5 - -79 - (332 - 268).
10
Calculate -5 + 20 + 53 + -33.
35
What is -6 - (37 + (2 - (-2 - -12 - 12)))?
-47
What is the value of 40 - 8 - (57 + -7) - (-10 - 2)?
-6
Evaluate -4 + (14 - (-2 - -5)) + -13.
-6
Calculate 0 - 4 - (4 - 1) - (7 + 51 + -3).
-62
What is -73 + -51 + 151 - 76?
-49
60 - (25 - -70 - -41)
-76
What is (-66 - (-3 - (12 - 21)) - 6) + (-2 - -8)?
-72
-95 - -99 - ((9 - 10) + -35 + 1)
39
What is -1 - 33 - ((10 - 21) + 0 + 11 - 4)?
-30
What is -3 + 6 - 5 - ((-4 - -7 - 2) + 9)?
-12
Calculate -51 - ((-34 - -59) + -111).
35
Evaluate -10 - ((63 - 22) + -20 + 18).
-49
Calculate -55 - -25 - -68 - (15 + -11).
34
(24 + -35 - -16) + 34
39
(-2 - (-10 + -2)) + 1365 + -1367
8
What is the value of 85 + 1 + 3 + (-25 + 23 - 13 - -6)?
80
What is the value of 1097 + -1088 - (1 + 9 + -1) - (-61 + 7)?
54
What is -384 - -200 - -173 - (-1 + -117)?
107
What is (-1 - 8) + (17 + (-28 - -15) - 4) - -51?
42
103 + 66 + -135 - (3 - -133)
-102
Calculate (-15 - -4) + 140 + 5 + -4 + 3 + -6.
127
Calculate 29 - (-5 + 0 + (-75 - -92)).
17
What is (1 - -81) + -45 + (-17 - 147)?
-127
Calculate 1 - (-4 - -11 - -28) - (33 + -24).
-43
-197 + 85 + 45 - (12 + 0)
-79
What is the value of -114 + (94 - (-219 + 55))?
144
What is (-33 - -31 - (4 - 16)) + 0 + -53 - -1?
-42
What is the value of (69 - (-5 - -8)) + (-8 - -4) + (11 - 15)?
58
What is the value of (224 - 214) + (1 - 2 - -14) - -7?
30
Evaluate -81 + 20 - 6 - -9.
-58
Evaluate -10 - (16 + (-36 - -18) + -11 + (4 - -3)).
-4
What is the value of 6 + (1 - 2) + (224 - 139) + -17?
73
Evaluate 22 - (45 - (-97 - -113)).
-7
Calculate 68 - (160 - -41 - 112).
-21
Evaluate -29 + 47 - (-14 - (20 + -15)).
37
What is the value of -12 + 14 - (-93 + 53 - -10)?
32
What is -1188 + 949 - (3 - 122)?
-120
Evaluate -8505 - -8519 - (78 - 0).
-64
Calculate -19 + 0 + -1 - (-6873 + 6824).
29
Evaluate -2977 - -3064 - (3 + 142).
-58
What is the value of 40 + 3 + -112 + 31?
-38
Calculate -13 + (0 - (13 + -22 - 3)) - 4.
-5
What is the value of 8 - (31 + -8) - 24?
-39
103 + (-19 - 21) - (5 - -6)
52
What is the value of 12 + (-254 + 253 - (-1 - 8)) + 3?
23
What is the value of 142 - ((139 - 195) + 153)?
45
Evaluate 24 + 28 + (-38 - 5).
9
Evaluate 7 + (-4 + ((-14 - 1) + 25 - 13) - -47).
47
(89 - 25 - (0 + -1)) + -157 + 135
43
Calculate (-4 + -49 - -5) + (406 - 386).
-28
What is the value of 37 + (33 - (3 + 11))?
56
What is -7 + (8 - -9) + (4 - 17) - -46?
43
Evaluate 71 - (-13 - (3 - 29)).
58
Evaluate -167 - -98 - (-126 - 4).
61
Calculate 32 + (31 + -15 + -8 - -9) - 0.
49
Calculate -100 + -1 + -15081 + 15068.
-114
What is -2 - 3 - -15 - 52 - 5 - 9?
-56
1 + 8 + -8 + (19 - 4) + 3
19
Evaluate -12 - (46 - 31) - -24.
-3
What is 1387 + -1366 - (1 - -35)?
-15
Calculate 19 + -1 + -31 + 33 + 47.
67
Calculate -13 + -54 + 70 + 48.
51
Evaluate 11 + (2 - (7 + 2)) + (30 - 39).
-5
Calculate 19 - (-6 + (68 - -13)).
-56
-21 - -28 - (-1 + -3 + 18 + -19)
12
What is (60 - 6) + (56 - 18) + -11?
81
What is the value of (26 - 0 - 6) + (2 - 16) - (-57 + 2)?
61
3 + (0 - 6) + 2 + (19 - 26)
-8
What is the value of (-1 - -32) + (26 - (70 - 42))?
29
What is 18 - -44 - 81 - (2 - (9 + -3) - 5)?
-10
What is the value of 136 + (590 - 586 - (6 + (-2 - 0)) - 3)?
133
What is (-59 - 4) + (-106 - -218 - 108)?
-59
Evaluate (-3 - (-1 + 3)) + 32 + -67 + 21.
-19
-11 - (24 + -10 + (-1 - 5)) - -8 - -116
105
Evaluate 6 + 1 + (-55 - (3 + -139 + 32)).
56
Evaluate -19 - (-9 - 20) - 11 - (-14 + (-5 - 0)).
18
33 - ((1 - -1 - (133 + -130)) + 10)
24
Calculate 1 - -57 - (28 - (-34 - -33)).
29
Calculate 8 - (-83 - -114) - -55.
32
Calculate (23 - -7) + -2 - -6.
34
(66 - (13 + (-3 - 21))) + -18
59
What is 2 + 5 + -26 + (-562 - -598) + 77?
94
What is (-16 - (-20 - -31)) + -3 + 17?
-13
Evaluate 0 + -84 + -7 + (-120 - -133) + -1 + 8.
-71
29 - (-8 - -50) - (-24 - -1)
10
Evaluate 36 - ((-15 - -60) + -38).
29
986 + -999 - (21 - (3 + -2))
-33
What is the value of 16 - (98 + -86 + (-11 - 2))?
17
What is the value of -7 - (1044 + -1079 + (122 - 0))?
-94
Evaluate 0 + -53 + (712 - 677).
-18
Evaluate 190 - 237 - (-16 + 9 - 2).
-38
Calculate (0 - (9 + (16 - 11) - 7)) + 7.
0
What is (167 - (144 + -70)) + -25?
68
Calculate (-43 - -11) + 51 + -1 + -5 + 2.
15
(-90 - -51) + 74 + 3 + 9
47
Calculate 22 + 7 - 30 - (30 - -1) - (-2 - 4).
-26
Calculate 186 + -176 - (4 + 5 - 12).
13
15 + (44 - 48) + -10 + 101
102
0 - (1 - 11 - ((-15 - 35) + 15 - 12))
-37
What is the value of 426 - 407 - (3 + (1 - -117)) - -9?
-93
What is the value of (-58 - -1) + (9190 - 9066)?
67
What is 13 + 1 + 1 + -506 + 438?
-53
What is -37 - (34 + 35 + -5 - 28)?
-73
-75 - ((-47 - -29) + -18 + 38 + 16)
-93
Calculate 0 - 15 - (-46 + -34 + 29).
36
Evaluate 1 + (85 - 10) - 42.
34
-10 + 19 + -20 - (-3 + (-3 - 16)) - -8
19
What is the value of 3 + 54 - (-254 + 315)?
-4
1 - 21 - (7 + 8 + -9 + -8)
-18
What is the value of 17 + (0 - (-21 + -22 + 33))?
27
-83 + (-12 - (-275 + 78))
102
(-577 - -575) + (0 - -3) + (4 - 2)
3
What is -7 + -4 + (1 + -3 - (-74 - -65)) - -18?
14
Evaluate -44764 - -44747 - (-13 - (4 + -2)).
-2
What is the value of (23 - (-2 - (4 + -3 - 3))) + 9 + -4?
28
What is -80 - 75 - -196 - (0 + 5)?
36
What is -9 - (-1 + 25 - -21) - -1?
-53
Calculate 528 - 548 - (-3 + (3 - -4 - -4)).
-28
What is (18 - (13 + 10 + -13)) + (-45 - 7)?
-44
What is the value of -49 - (13 + (-5 - 12) + -7 + -4 + 11)?
-45
What is (-3 - -4) + -14 - (-36 - (-8 - -15))?
30
Evaluate -41 + -44 - (-118 - -17).
16
2 + -9 + -1 + 17 + -24
-15
What is the value of 18 - (52 + -1 + (32 - 13))?
-52
370 + -341 - ((3 - 28) + 3)
51
-10 + (13 - -3) + -73 - (22 - 11)
-78
What is the value of 0 - -45 - ((-30 - -132) + -55)?
-2
Evaluate 449 + -367 - (11 - 4).
75
What is the value of -2 - ((0 - -1) + 8 + (333 + -162 - 146))?
-36
-6 - 64 - 41 - (-20 - 0)
-91
63 + -69 + (-8 - -23)
9
Evaluate 8 + (-15 - 